{"id":800,"date":"2025-01-15T13:40:02","date_gmt":"2025-01-15T17:40:02","guid":{"rendered":"https:\/\/a75d40d4bc.nxcli.io\/goiania\/?page_id=800"},"modified":"2025-06-17T10:30:38","modified_gmt":"2025-06-17T14:30:38","slug":"bolsas-e-financiamentos","status":"publish","type":"page","link":"https:\/\/faculdadesantateresa.edu.br\/goiania\/bolsas-e-financiamentos\/","title":{"rendered":"Bolsas e Financiamentos"},"content":{"rendered":"\t\t<div data-elementor-type=\"wp-page\" data-elementor-id=\"800\" class=\"elementor elementor-800\">\n\t\t\t\t\t\t<section class=\"elementor-section elementor-top-section elementor-element elementor-element-f4fd7f1 elementor-section-stretched elementor-section-boxed elementor-section-height-default elementor-section-height-default\" data-id=\"f4fd7f1\" data-element_type=\"section\" data-e-type=\"section\" data-settings=\"{&quot;stretch_section&quot;:&quot;section-stretched&quot;,&quot;jet_parallax_layout_list&quot;:[],&quot;background_background&quot;:&quot;slideshow&quot;,&quot;background_slideshow_gallery&quot;:[{&quot;id&quot;:1020,&quot;url&quot;:&quot;https:\\\/\\\/faculdadesantateresa.edu.br\\\/goiania\\\/wp-content\\\/uploads\\\/2025\\\/06\\\/FST-Entrada-da-Sede.webp&quot;}],&quot;background_slideshow_loop&quot;:&quot;yes&quot;,&quot;background_slideshow_slide_duration&quot;:5000,&quot;background_slideshow_slide_transition&quot;:&quot;fade&quot;,&quot;background_slideshow_transition_duration&quot;:500}\">\n\t\t\t\t\t\t\t<div class=\"elementor-background-overlay\"><\/div>\n\t\t\t\t\t\t\t<div class=\"elementor-container elementor-column-gap-default\">\n\t\t\t\t\t<div class=\"elementor-column elementor-col-100 elementor-top-column elementor-element elementor-element-51accb0\" data-id=\"51accb0\" data-element_type=\"column\" data-e-type=\"column\">\n\t\t\t<div class=\"elementor-widget-wrap elementor-element-populated\">\n\t\t\t\t\t\t<section class=\"elementor-section elementor-inner-section elementor-element elementor-element-fbb202b elementor-section-boxed elementor-section-height-default elementor-section-height-default\" data-id=\"fbb202b\" data-element_type=\"section\" data-e-type=\"section\" data-settings=\"{&quot;jet_parallax_layout_list&quot;:[]}\">\n\t\t\t\t\t\t<div class=\"elementor-container elementor-column-gap-default\">\n\t\t\t\t\t<div class=\"elementor-column elementor-col-100 elementor-inner-column elementor-element elementor-element-9ddf6a6\" data-id=\"9ddf6a6\" data-element_type=\"column\" data-e-type=\"column\">\n\t\t\t<div class=\"elementor-widget-wrap elementor-element-populated\">\n\t\t\t\t\t\t<div class=\"elementor-element elementor-element-2b04949 elementor-widget elementor-widget-raven-post-title\" data-id=\"2b04949\" data-element_type=\"widget\" data-e-type=\"widget\" data-widget_type=\"raven-post-title.default\">\n\t\t\t\t<div class=\"elementor-widget-container\">\n\t\t\t\t\t<h1 class=\"raven-post-title\">Bolsas e Financiamentos<\/h1>\t\t\t\t<\/div>\n\t\t\t\t<\/div>\n\t\t\t\t\t<\/div>\n\t\t<\/div>\n\t\t\t\t\t<\/div>\n\t\t<\/section>\n\t\t\t\t\t<\/div>\n\t\t<\/div>\n\t\t\t\t\t<\/div>\n\t\t<\/section>\n\t\t\t\t<section class=\"elementor-section elementor-top-section elementor-element elementor-element-0a719a7 elementor-section-boxed elementor-section-height-default elementor-section-height-default\" data-id=\"0a719a7\" data-element_type=\"section\" data-e-type=\"section\" data-settings=\"{&quot;jet_parallax_layout_list&quot;:[]}\">\n\t\t\t\t\t\t<div class=\"elementor-container elementor-column-gap-default\">\n\t\t\t\t\t<div class=\"elementor-column elementor-col-100 elementor-top-column elementor-element elementor-element-2f354d5\" data-id=\"2f354d5\" data-element_type=\"column\" data-e-type=\"column\">\n\t\t\t<div class=\"elementor-widget-wrap elementor-element-populated\">\n\t\t\t\t\t\t<div class=\"elementor-element elementor-element-bc8c969 elementor-widget elementor-widget-heading\" data-id=\"bc8c969\" data-element_type=\"widget\" data-e-type=\"widget\" data-widget_type=\"heading.default\">\n\t\t\t\t<div class=\"elementor-widget-container\">\n\t\t\t\t\t<h2 class=\"elementor-heading-title elementor-size-default\">O que \u00e9 o FIES?<\/h2>\t\t\t\t<\/div>\n\t\t\t\t<\/div>\n\t\t\t\t<div class=\"elementor-element elementor-element-1e5fd67 elementor-widget elementor-widget-text-editor\" data-id=\"1e5fd67\" data-element_type=\"widget\" data-e-type=\"widget\" data-widget_type=\"text-editor.default\">\n\t\t\t\t<div class=\"elementor-widget-container\">\n\t\t\t\t\t\t\t\t\t<p style=\"text-align: justify\">O Fundo de Financiamento Estudantil (Fies), criado pela Lei n\u00ba 10.260, de 12 de julho de 2001, \u00e9 uma a\u00e7\u00e3o do Minist\u00e9rio da Educa\u00e7\u00e3o que financia cursos superiores n\u00e3o gratuitos com avalia\u00e7\u00e3o positiva no Sistema Nacional de Avalia\u00e7\u00e3o da Educa\u00e7\u00e3o Superior (Sinaes).<\/p>\n<p style=\"text-align: justify\">O P-Fies \u00e9 o Programa de Financiamento Estudantil, destinado \u00e0 concess\u00e3o de financiamento a estudantes em cursos superiores n\u00e3o gratuitos, com avalia\u00e7\u00e3o positiva nos processos conduzidos pelo Minist\u00e9rio da Educa\u00e7\u00e3o. As condi\u00e7\u00f5es de concess\u00e3o do financiamento ao estudante ser\u00e3o definidas entre o agente financeiro operador do cr\u00e9dito (banco), a institui\u00e7\u00e3o de ensino superior e o estudante.<\/p>\n\n<p style=\"text-align: justify\">Importante ressaltar que o Fies n\u00e3o est\u00e1 dispon\u00edvel para o curso de Medicina, sendo aplic\u00e1vel apenas aos demais cursos oferecidos pela nossa institui\u00e7\u00e3o.<\/p>\t\t\t\t\t\t\t\t<\/div>\n\t\t\t\t<\/div>\n\t\t\t\t<div class=\"elementor-element elementor-element-2ac782e elementor-widget elementor-widget-heading\" data-id=\"2ac782e\" data-element_type=\"widget\" data-e-type=\"widget\" data-widget_type=\"heading.default\">\n\t\t\t\t<div class=\"elementor-widget-container\">\n\t\t\t\t\t<h3 class=\"elementor-heading-title elementor-size-default\">Inscri\u00e7\u00f5es<\/h3>\t\t\t\t<\/div>\n\t\t\t\t<\/div>\n\t\t\t\t<div class=\"elementor-element elementor-element-f43df24 elementor-widget elementor-widget-text-editor\" data-id=\"f43df24\" data-element_type=\"widget\" data-e-type=\"widget\" data-widget_type=\"text-editor.default\">\n\t\t\t\t<div class=\"elementor-widget-container\">\n\t\t\t\t\t\t\t\t\t<p style=\"text-align: justify;\">Poder\u00e1 se inscrever no processo seletivo o candidato que participou do ENEM, a partir da edi\u00e7\u00e3o de 2010 e tenha obtido m\u00e9dia aritm\u00e9tica das notas nas provas igual ou superior a 450 (quatrocentos e cinquenta) pontos e nota superior a 0 (zero) na reda\u00e7\u00e3o.<\/p><p style=\"text-align: justify;\">Para se inscrever para as modalidades Fies e P-Fies, \u00e9 necess\u00e1rio que o candidato possua renda familiar mensal bruta, por pessoa, at\u00e9 3 (tr\u00eas) sal\u00e1rios m\u00ednimos.<\/p><p style=\"text-align: justify;\">J\u00e1 para concorrer, exclusivamente, para a modalidade P-Fies, o candidato deve comprovar renda familiar mensal bruta familiar, por pessoa, de 3 (tr\u00eas) sal\u00e1rios m\u00ednimos at\u00e9 cinco (5) sal\u00e1rios m\u00ednimos.<\/p><p style=\"text-align: justify;\">Lembramos que compete, exclusivamente, ao candidato certificar\u2013se de que cumpre os requisitos estabelecidos para concorrer ao referido processo seletivo, observadas as veda\u00e7\u00f5es previstas no Edital SESu n\u00ba 38, de 28 de maio de 2019.<\/p>\t\t\t\t\t\t\t\t<\/div>\n\t\t\t\t<\/div>\n\t\t\t\t<div class=\"elementor-element elementor-element-cede66f elementor-widget elementor-widget-raven-button\" data-id=\"cede66f\" data-element_type=\"widget\" data-e-type=\"widget\" data-settings=\"{&quot;turn_to_popup_action_button&quot;:&quot;no&quot;}\" data-widget_type=\"raven-button.default\">\n\t\t\t\t<div class=\"elementor-widget-container\">\n\t\t\t\t\t\t\t<div class=\"raven-widget-wrapper\">\n\t\t\t<a class=\"raven-button raven-button-widget-normal-effect-none  raven-button-text-align-center raven-button-link elementor-animation-none\" href=\"https:\/\/www.caixa.gov.br\/programas-sociais\/fies\/Paginas\/default.aspx\">\t\t\t\t<div class=\"raven-button-overlay\" ><\/div>\n\t\t\t\t<span class=\"raven-button-content\">\n\t\t\t\t\t\n\t\t\t\t\t<div class=\"button-text-container\">\n\t\t\t\t\t\t\t\t\t\t\t\t<div class=\"raven-button-texts-wrapper\">\n\t\t\t\t\t\t\t<div class=\"button-text\">\n\t\t\t\t\t\t\t\t<span class=\"raven-button-text\">\n\t\t\t\t\t\t\t\t\tVisite o site do FIES\t\t\t\t\t\t\t\t<\/span>\n\t\t\t\t\t\t\t<\/div>\n\t\t\t\t\t\t\t\t\t\t\t\t\t<\/div>\n\t\t\t\t\t\t\t\t\t\t\t<\/div>\n\t\t\t\t\t\n\t\t\t\t\t\t\t\t\t<\/span>\n\t\t\t<\/a>\t\t<\/div>\n\t\t\t\t\t\t<\/div>\n\t\t\t\t<\/div>\n\t\t\t\t\t<\/div>\n\t\t<\/div>\n\t\t\t\t\t<\/div>\n\t\t<\/section>\n\t\t\t\t<section class=\"elementor-section elementor-top-section elementor-element elementor-element-d4064b0 elementor-section-boxed elementor-section-height-default elementor-section-height-default\" data-id=\"d4064b0\" data-element_type=\"section\" data-e-type=\"section\" data-settings=\"{&quot;jet_parallax_layout_list&quot;:[]}\">\n\t\t\t\t\t\t<div class=\"elementor-container elementor-column-gap-default\">\n\t\t\t\t\t<div class=\"elementor-column elementor-col-100 elementor-top-column elementor-element elementor-element-0f4f9cd\" data-id=\"0f4f9cd\" data-element_type=\"column\" data-e-type=\"column\">\n\t\t\t<div class=\"elementor-widget-wrap elementor-element-populated\">\n\t\t\t\t\t\t<div class=\"elementor-element elementor-element-c7b5223 elementor-widget elementor-widget-heading\" data-id=\"c7b5223\" data-element_type=\"widget\" data-e-type=\"widget\" data-widget_type=\"heading.default\">\n\t\t\t\t<div class=\"elementor-widget-container\">\n\t\t\t\t\t<h2 class=\"elementor-heading-title elementor-size-default\">ProUni<\/h2>\t\t\t\t<\/div>\n\t\t\t\t<\/div>\n\t\t\t\t<div class=\"elementor-element elementor-element-16e919b elementor-widget elementor-widget-text-editor\" data-id=\"16e919b\" data-element_type=\"widget\" data-e-type=\"widget\" data-widget_type=\"text-editor.default\">\n\t\t\t\t<div class=\"elementor-widget-container\">\n\t\t\t\t\t\t\t\t\t<p style=\"text-align: justify;\">O Programa Universidade para Todos \u2013 Prouni tem como finalidade a concess\u00e3o de bolsas de estudo integrais e parciais em cursos de gradua\u00e7\u00e3o e sequenciais de forma\u00e7\u00e3o espec\u00edfica, em institui\u00e7\u00f5es de ensino superior privadas. Criado pelo Governo Federal em 2004 e institucionalizado pela Lei n\u00ba 11.096, em 13 de janeiro de 2005 oferece, em contrapartida, isen\u00e7\u00e3o de tributos \u00e0quelas institui\u00e7\u00f5es que aderem ao Programa.<\/p><p style=\"text-align: justify;\">Dirigido aos estudantes egressos do ensino m\u00e9dio da rede p\u00fablica ou da rede particular na condi\u00e7\u00e3o de bolsistas integrais, com renda familiar per capita m\u00e1xima de tr\u00eas sal\u00e1rios m\u00ednimos, o Prouni conta com um sistema de sele\u00e7\u00e3o informatizado e impessoal, que confere transpar\u00eancia e seguran\u00e7a ao processo. Os candidatos s\u00e3o selecionados pelas notas obtidas no Exame Nacional do Ensino M\u00e9dio \u2013 Enem conjugando-se, desse modo, inclus\u00e3o \u00e0 qualidade e m\u00e9rito dos estudantes com melhores desempenhos acad\u00eamicos.<\/p><p>O Programa possui tamb\u00e9m a\u00e7\u00f5es conjuntas de incentivo \u00e0 perman\u00eancia dos estudantes nas institui\u00e7\u00f5es, como a Bolsa Perman\u00eancia e ainda o Fundo de Financiamento Estudantil \u2013 Fies, que possibilita ao bolsista parcial financiar parte da mensalidade n\u00e3o coberta pela bolsa do programa.<\/p><p>O Prouni j\u00e1 atendeu, desde sua cria\u00e7\u00e3o at\u00e9 o processo seletivo do segundo semestre de 2018, mais de 2,47 milh\u00f5es de estudantes, sendo 69% com bolsas integrais.<\/p><p>O Programa Universidade para Todos, somado ao Fies, ao Sistema de Sele\u00e7\u00e3o Unificada (Sisu), ao Programa de Apoio a Planos de Reestrutura\u00e7\u00e3o e Expans\u00e3o das Universidades Federais (Reuni), a Universidade Aberta do Brasil (UAB) e a expans\u00e3o da rede federal de educa\u00e7\u00e3o profissional e tecnol\u00f3gica ampliam significativamente o n\u00famero de vagas na educa\u00e7\u00e3o superior, contribuindo para um maior acesso dos jovens \u00e0 educa\u00e7\u00e3o superior.<\/p><p>Ser\u00e3o concedidas bolsas de estudos aos alunos que desenvolverem projetos de inicia\u00e7\u00e3o cient\u00edfica\/pesquisa\/extens\u00e3o, sob orienta\u00e7\u00e3o docente. Atualmente, a Faculdade disponibiliza bolsas na forma de desconto nas mensalidades.<\/p><ul><li><strong>Bolsa de Inicia\u00e7\u00e3o Cient\u00edfica:<\/strong>\u00a0A IES, por meio do Programa Institucional de Bolsa de Inicia\u00e7\u00e3o Cient\u00edfica \u2013 PIBIC oferece bolsas de inicia\u00e7\u00e3o cient\u00edfica, como forma de estimular e apoiar a participa\u00e7\u00e3o dos estudantes nos projetos de pesquisa desenvolvidos pela Institui\u00e7\u00e3o. O PIBIC \u00e9 um instrumento que proporciona a melhor forma de trabalho com o aluno, incentivando-o a novas iniciativas e valorizando o seu esp\u00edrito de empreendimento, de curiosidade, de interesse e gosto pela investiga\u00e7\u00e3o.<\/li><li><strong>Monitoria:<\/strong>\u00a0A IES oferece bolsas monitoria para os alunos que estiverem exercendo a fun\u00e7\u00e3o de monitor, com objetivo de incentiv\u00e1-los no ensino e aperfei\u00e7o\u00e1-lo na doc\u00eancia.<\/li><li><strong>Pol\u00edtica de desconto:<\/strong>\u00a0A IES mant\u00e9m uma pol\u00edtica de desconto para ex-alunos, alunos das demais institui\u00e7\u00f5es do grupo e colaboradores, al\u00e9m de manter conv\u00eanios com institui\u00e7\u00f5es p\u00fablicas e privadas.<\/li><li><strong>Programas de Financiamento Estudantil:<\/strong>\u00a0Fies, Prouni e Bolsa Universidade da Prefeitura Municipal de Manaus<\/li><\/ul>\t\t\t\t\t\t\t\t<\/div>\n\t\t\t\t<\/div>\n\t\t\t\t<div class=\"elementor-element elementor-element-ccbf9c1 elementor-widget elementor-widget-raven-button\" data-id=\"ccbf9c1\" data-element_type=\"widget\" data-e-type=\"widget\" data-settings=\"{&quot;turn_to_popup_action_button&quot;:&quot;no&quot;}\" data-widget_type=\"raven-button.default\">\n\t\t\t\t<div class=\"elementor-widget-container\">\n\t\t\t\t\t\t\t<div class=\"raven-widget-wrapper\">\n\t\t\t<a class=\"raven-button raven-button-widget-normal-effect-none  raven-button-text-align-center raven-button-link elementor-animation-none\" href=\"https:\/\/acessounico.mec.gov.br\/prouni\">\t\t\t\t<div class=\"raven-button-overlay\" ><\/div>\n\t\t\t\t<span class=\"raven-button-content\">\n\t\t\t\t\t\n\t\t\t\t\t<div class=\"button-text-container\">\n\t\t\t\t\t\t\t\t\t\t\t\t<div class=\"raven-button-texts-wrapper\">\n\t\t\t\t\t\t\t<div class=\"button-text\">\n\t\t\t\t\t\t\t\t<span class=\"raven-button-text\">\n\t\t\t\t\t\t\t\t\tVisite o site do ProUni\t\t\t\t\t\t\t\t<\/span>\n\t\t\t\t\t\t\t<\/div>\n\t\t\t\t\t\t\t\t\t\t\t\t\t<\/div>\n\t\t\t\t\t\t\t\t\t\t\t<\/div>\n\t\t\t\t\t\n\t\t\t\t\t\t\t\t\t<\/span>\n\t\t\t<\/a>\t\t<\/div>\n\t\t\t\t\t\t<\/div>\n\t\t\t\t<\/div>\n\t\t\t\t\t<\/div>\n\t\t<\/div>\n\t\t\t\t\t<\/div>\n\t\t<\/section>\n\t\t\t\t<\/div>\n\t\t","protected":false},"excerpt":{"rendered":"<p>O que \u00e9 o FIES? O Fundo de Financiamento Estudantil (Fies), criado pela Lei n\u00ba 10.260, de 12 de julho de 2001, \u00e9 uma a\u00e7\u00e3o do Minist\u00e9rio da Educa\u00e7\u00e3o que financia cursos superiores n\u00e3o gratuitos com avalia\u00e7\u00e3o positiva no Sistema Nacional de Avalia\u00e7\u00e3o da Educa\u00e7\u00e3o Superior (Sinaes). O P-Fies \u00e9 o Programa de Financiamento Estudantil, [&hellip;]<\/p>\n","protected":false},"author":6,"featured_media":0,"parent":0,"menu_order":0,"comment_status":"closed","ping_status":"closed","template":"","meta":{"_acf_changed":false,"footnotes":""},"class_list":["post-800","page","type-page","status-publish","hentry"],"acf":[],"_links":{"self":[{"href":"https:\/\/faculdadesantateresa.edu.br\/goiania\/wp-json\/wp\/v2\/pages\/800","targetHints":{"allow":["GET"]}}],"collection":[{"href":"https:\/\/faculdadesantateresa.edu.br\/goiania\/wp-json\/wp\/v2\/pages"}],"about":[{"href":"https:\/\/faculdadesantateresa.edu.br\/goiania\/wp-json\/wp\/v2\/types\/page"}],"author":[{"embeddable":true,"href":"https:\/\/faculdadesantateresa.edu.br\/goiania\/wp-json\/wp\/v2\/users\/6"}],"replies":[{"embeddable":true,"href":"https:\/\/faculdadesantateresa.edu.br\/goiania\/wp-json\/wp\/v2\/comments?post=800"}],"version-history":[{"count":6,"href":"https:\/\/faculdadesantateresa.edu.br\/goiania\/wp-json\/wp\/v2\/pages\/800\/revisions"}],"predecessor-version":[{"id":1034,"href":"https:\/\/faculdadesantateresa.edu.br\/goiania\/wp-json\/wp\/v2\/pages\/800\/revisions\/1034"}],"wp:attachment":[{"href":"https:\/\/faculdadesantateresa.edu.br\/goiania\/wp-json\/wp\/v2\/media?parent=800"}],"curies":[{"name":"wp","href":"https:\/\/api.w.org\/{rel}","templated":true}]}}